{"id":10,"date":"2024-03-05T16:17:28","date_gmt":"2024-03-05T16:17:28","guid":{"rendered":"https:\/\/jugendblaskapelle-parkstein.de\/?page_id=10"},"modified":"2024-05-18T10:37:41","modified_gmt":"2024-05-18T10:37:41","slug":"impressum","status":"publish","type":"page","link":"https:\/\/jugendblaskapelle-parkstein.de\/index.php\/impressum\/","title":{"rendered":"Impressum"},"content":{"rendered":"\n<p class=\"has-large-font-size\"><\/p>\n\n\n\n<h2 class=\"wp-block-heading\">Herausgeber<\/h2>\n\n\n\n<p><br>Jugendblaskapelle Parkstein e. V.<br>Dammstrasse 7<br>92670 Windischeschenbach<br>DEUTSCHLAND<\/p>\n\n\n\n<p>Telefon: 09681 \/ 9196743<br>E-Mail: <a href=\"mailto:vorstandschaft@jugendblaskapelle-parkstein.de\">info@jugendblaskapelle-parkstein.de<\/a><\/p>\n\n\n\n<hr class=\"wp-block-separator has-alpha-channel-opacity\"\/>\n\n\n\n<h2 class=\"wp-block-heading\">Verantwortlich \/ Vertretungsberechtigt<\/h2>\n\n\n\n<p>1. Vorsitzende Gisela Witt <br>Dammstrasse 7<br>92670 Windischeschenbach<br><\/p>\n\n\n\n<p>Verantwortlicher f\u00fcr redaktionell gestaltete Inhalte: <\/p>\n\n\n\n<p>Stefan Bodenmeier (E-Mail: <a href=\"mailto:webmaster@jugendblaskapelle-parkstein.de\">webmaster@jugendblaskapelle-parkstein.de<\/a>)<\/p>\n\n\n\n<hr class=\"wp-block-separator has-alpha-channel-opacity\"\/>\n\n\n\n<h2 class=\"wp-block-heading\">Registergericht \/ Finanzamt<\/h2>\n\n\n\n<p>Eingetragen im Registergericht Weiden in der Oberpfalz<br>Registernummer: VR 426<\/p>\n\n\n\n<hr class=\"wp-block-separator has-alpha-channel-opacity\"\/>\n\n\n\n<h2 class=\"wp-block-heading\">Streitschlichtung<\/h2>\n\n\n\n<p>Die Europ\u00e4ische Kommission stellt eine Plattform f\u00fcr die au\u00dfergerichtliche Online-Streitbeilegung (OS-Plattform) bereit, die unter&nbsp;<a href=\"http:\/\/ec.europa.eu\/consumers\/odr\/\" target=\"_blank\" rel=\"noreferrer noopener\">http:\/\/ec.europa.eu\/consumers\/odr\/<\/a>&nbsp;aufrufbar ist.<\/p>\n\n\n\n<p>Wir sind weder verpflichtet noch bereit, an dem Streitschlichtungsverfahren teilzunehmen.<br>Kontaktieren Sie uns gerne \u00fcber unsere eMail-Adresse:<br><\/p>\n\n\n\n<hr class=\"wp-block-separator has-alpha-channel-opacity\"\/>\n\n\n\n<h2 class=\"wp-block-heading\">Technische Realisierung<\/h2>\n\n\n\n<figure class=\"wp-block-image size-full is-resized\"><a href=\"https:\/\/hoermedia.net\/\"><img decoding=\"async\" width=\"401\" height=\"111\" src=\"https:\/\/jugendblaskapelle-parkstein.de\/wp-content\/uploads\/2024\/05\/negativ-weisser-hintergrund-1.png\" alt=\"\" class=\"wp-image-5374\" style=\"width:228px;height:auto\" srcset=\"https:\/\/jugendblaskapelle-parkstein.de\/wp-content\/uploads\/2024\/05\/negativ-weisser-hintergrund-1.png 401w, https:\/\/jugendblaskapelle-parkstein.de\/wp-content\/uploads\/2024\/05\/negativ-weisser-hintergrund-1-300x83.png 300w\" sizes=\"(max-width: 401px) 100vw, 401px\" \/><\/a><\/figure>\n","protected":false},"excerpt":{"rendered":"<p>Herausgeber Jugendblaskapelle Parkstein e. V.Dammstrasse 792670 WindischeschenbachDEUTSCHLAND Telefon: 09681 \/ 9196743E-Mail: info@jugendblaskapelle-parkstein.de Verantwortlich \/ Vertretungsberechtigt 1. Vorsitzende Gisela Witt Dammstrasse 792670 Windischeschenbach Verantwortlicher f\u00fcr redaktionell gestaltete Inhalte: Stefan Bodenmeier (E-Mail:&#8230;<\/p>\n","protected":false},"author":1,"featured_media":0,"parent":0,"menu_order":0,"comment_status":"closed","ping_status":"closed","template":"","meta":{"ngg_post_thumbnail":0,"footnotes":""},"class_list":["post-10","page","type-page","status-publish","hentry"],"_links":{"self":[{"href":"https:\/\/jugendblaskapelle-parkstein.de\/index.php\/wp-json\/wp\/v2\/pages\/10","targetHints":{"allow":["GET"]}}],"collection":[{"href":"https:\/\/jugendblaskapelle-parkstein.de\/index.php\/wp-json\/wp\/v2\/pages"}],"about":[{"href":"https:\/\/jugendblaskapelle-parkstein.de\/index.php\/wp-json\/wp\/v2\/types\/page"}],"author":[{"embeddable":true,"href":"https:\/\/jugendblaskapelle-parkstein.de\/index.php\/wp-json\/wp\/v2\/users\/1"}],"replies":[{"embeddable":true,"href":"https:\/\/jugendblaskapelle-parkstein.de\/index.php\/wp-json\/wp\/v2\/comments?post=10"}],"version-history":[{"count":11,"href":"https:\/\/jugendblaskapelle-parkstein.de\/index.php\/wp-json\/wp\/v2\/pages\/10\/revisions"}],"predecessor-version":[{"id":5524,"href":"https:\/\/jugendblaskapelle-parkstein.de\/index.php\/wp-json\/wp\/v2\/pages\/10\/revisions\/5524"}],"wp:attachment":[{"href":"https:\/\/jugendblaskapelle-parkstein.de\/index.php\/wp-json\/wp\/v2\/media?parent=10"}],"curies":[{"name":"wp","href":"https:\/\/api.w.org\/{rel}","templated":true}]}}